n divisor of 27416 and 391?
23
What is the greatest common factor of 5664 and 4152?
24
What is the highest common divisor of 244272 and 28?
28
What is the highest common divisor of 445 and 1031065?
445
Calculate the greatest common factor of 370157 and 139.
139
Calculate the highest common factor of 2516934 and 189.
21
What is the greatest common factor of 9570642 and 74?
74
Calculate the highest common divisor of 344358 and 756.
378
Calculate the greatest common divisor of 35 and 36805.
5
What is the greatest common divisor of 2121 and 1029?
21
What is the highest common factor of 104321 and 55354?
2129
Calculate the highest common factor of 4326 and 7602.
42
Calculate the highest common divisor of 89328 and 60.
12
Calculate the highest common factor of 28959 and 985.
197
What is the highest common factor of 18395 and 754?
13
Calculate the greatest common factor of 99500 and 3582.
398
Calculate the highest common factor of 137794 and 12.
2
Calculate the highest common factor of 1157657 and 188.
47
Calculate the highest common divisor of 897900 and 10.
10
Calculate the highest common factor of 55065 and 270.
15
Calculate the highest common divisor of 240 and 3525.
15
What is the highest common factor of 25142 and 182?
26
Calculate the highest common factor of 49231 and 26.
13
Calculate the greatest common factor of 2948 and 39061.
737
What is the highest common divisor of 1131561 and 177?
177
Calculate the greatest common factor of 3256 and 1808.
8
What is the greatest common divisor of 2574 and 2825966?
286
Calculate the highest common factor of 5372736 and 192.
192
Calculate the highest common factor of 44590 and 100100.
910
What is the greatest common divisor of 4884 and 220?
44
What is the greatest common factor of 905 and 820835?
905
Calculate the highest common factor of 393450 and 183.
183
What is the greatest common factor of 33082 and 323?
17
What is the greatest common factor of 142091 and 604?
151
Calculate the highest common divisor of 12430 and 70625.
565
Calculate the greatest common factor of 393 and 582033.
393
Calculate the highest common factor of 162 and 21330.
54
What is the greatest common divisor of 3450 and 1905?
15
What is the highest common divisor of 268 and 77921?
67
Calculate the greatest common divisor of 7913 and 1927.
41
Calculate the greatest common factor of 126718 and 204.
34
Calculate the highest common divisor of 196563 and 6.
3
What is the highest common factor of 263960 and 120?
40
What is the greatest common divisor of 180 and 2620?
20
Calculate the highest common divisor of 252 and 361872.
252
Calculate the highest common divisor of 920261 and 17.
17
What is the highest common factor of 1888 and 1040?
16
Calculate the highest common factor of 40875 and 1185.
15
Calculate the greatest common factor of 352 and 288992.
352
What is the greatest common divisor of 144 and 401616?
144
What is the highest common divisor of 1974 and 3759?
21
What is the greatest common factor of 2574 and 725166?
234
Calculate the highest common divisor of 171 and 15675.
57
Calculate the greatest common divisor of 398901 and 3.
3
Calculate the greatest common factor of 35 and 14756.
7
Calculate the greatest common divisor of 803231 and 104.
13
Calculate the greatest common factor of 1659628 and 344.
172
Calculate the greatest common factor of 161959 and 9401.
119
What is the highest common factor of 488 and 58133?
61
What is the highest common factor of 52 and 675052?
4
What is the greatest common divisor of 5713 and 6467?
29
What is the highest common factor of 583232 and 182?
26
What is the greatest common divisor of 35 and 280?
35
What is the greatest common factor of 1744 and 1853?
109
Calculate the greatest common divisor of 4 and 287818.
2
Calculate the highest common divisor of 80 and 17492.
4
Calculate the greatest common factor of 5332 and 12384.
172
What is the greatest common factor of 70 and 15530?
10
Calculate the highest common divisor of 9 and 83841.
3
Calculate the highest common factor of 1309 and 179146.
187
Calculate the greatest common factor of 606 and 67872.
606
Calculate the highest common factor of 90 and 555858.
18
What is the greatest common divisor of 30 and 2811?
3
What is the greatest common factor of 125 and 1450?
25
Calculate the greatest common divisor of 84322 and 1064.
266
Calculate the highest common factor of 697554 and 2178.
198
What is the highest common divisor of 372 and 34007?
31
What is the highest common divisor of 2118 and 3894?
6
Calculate the greatest common divisor of 186768 and 528.
48
What is the highest common factor of 42541 and 38?
19
What is the highest common divisor of 2111 and 13567397?
2111
What is the highest common factor of 126 and 2289?
21
Calculate the greatest common divisor of 5880 and 672.
168
What is the greatest common divisor of 132 and 6919?
11
What is the greatest common divisor of 7 and 31843?
7
What is the highest common divisor of 30913 and 247?
19
What is the highest common divisor of 21616 and 10422?
386
Calculate the highest common divisor of 9365 and 111.
1
Calculate the greatest common factor of 305541 and 102.
51
What is the greatest common factor of 24 and 76044?
12
Calculate the greatest common divisor of 562470 and 10.
10
Calculate the greatest common factor of 45228 and 36.
12
What is the greatest common divisor of 1179 and 266061?
393
Calculate the greatest common factor of 32 and 4059424.
32
Calculate the greatest common factor of 2010 and 3990.
30
What is the greatest common factor of 3645 and 9585?
135
What is the greatest common factor of 180 and 2534580?
180
What is the greatest common factor of 25 and 6655?
5
Calculate the highest common divisor of 2669 and 120733.
157
Calculate the highest common factor of 40439 and 1484.
371
Calculate the highest common factor of 7447 and 2750.
11
What is the greatest common divisor of 264 and 45826?
22
What is the highest common divisor of 60417 and 63?
63
What is the highest common divisor of 34110 and 81?
9
Calculate the highest common factor of 77 and 546931.
77
Calculate the greatest common factor of 784 and 133966.
98
What is the greatest common factor of 176 and 369424?
176
What is the greatest common factor of 70 and 1526210?
70
What is the greatest common divisor of 69555 and 480?
15
Calculate the highest common factor of 22 and 112106.
2
What is the greatest common factor of 160868 and 262?
262
Calculate the greatest common factor of 4691797 and 11.
11
Calculate the highest common divisor of 368 and 12712.
8
Calculate the greatest common factor of 2 and 5091.
1
What is the greatest common divisor of 960 and 9720?
120
Calculate the greatest common divisor of 288 and 3104.
32
Calculate the highest common divisor of 2716 and 826.
14
What is the greatest common factor of 1973 and 3?
1
Calculate the greatest common divisor of 246191 and 22.
11
What is the greatest common factor of 210 and 5540?
10
What is the highest common factor of 21042 and 280?
14
Calculate the greatest common factor of 578 and 8534.
34
What is the highest common factor of 6417 and 32292?
207
What is the highest common factor of 43 and 10357969?
43
Calculate the greatest common factor of 42592 and 448.
32
Calculate the greatest common divisor of 132 and 53823.
33
What is the greatest common factor of 803 and 583?
11
What is the highest common factor of 338 and 6941168?
338
Calculate the highest common divisor of 7139 and 67319.
59
Calculate the highest common factor of 1139577 and 6.
3
What is the greatest common divisor of 4221 and 76860?
63
What is the highest common factor of 464 and 3857?
29
Calculate the greatest common factor of 13133 and 15417.
571
What is the highest common divisor of 2771 and 323?
17
What is the greatest common factor of 8132 and 22042?
214
What is the highest common factor of 566847 and 3?
3
Calculate the highest common divisor of 32 and 502.
2
What is the highest common factor of 263140 and 4012?
236
What is the greatest common divisor of 8 and 2280?
8
Calculate the greatest common factor of 828 and 26197.
23
Calculate the greatest common factor of 162162 and 273.
273
Calculate the greatest common divisor of 196444 and 1876.
268
Calculate the highest common divisor of 429390 and 195.
195
Calculate t